r of 433222?
True
Is 829933 a multiple of 4?
False
Is 813325 a multiple of 25?
True
Is 198355 a multiple of 65?
False
Is 41 a factor of 533861?
True
Is 1047609 a multiple of 311?
False
Is 7 a factor of 2678837?
True
Does 116 divide 77955?
False
Does 19 divide 111986?
True
Is 12 a factor of 171730?
False
Does 12 divide 122916?
True
Is 20342274 a multiple of 19?
True
Does 43 divide 429183?
True
Is 437 a factor of 190532?
True
Does 14 divide 106484?
True
Is 94710 a multiple of 70?
True
Does 698 divide 2997719?
False
Is 22 a factor of 131692?
True
Does 217 divide 3947447?
True
Is 227075 a multiple of 293?
True
Is 13838 a multiple of 4?
False
Is 73 a factor of 76334?
False
Is 185629 a multiple of 3?
False
Is 119 a factor of 126021?
True
Is 559555 a multiple of 145?
True
Does 44 divide 65733?
False
Is 17888 a multiple of 3?
False
Is 17 a factor of 2344?
False
Does 21 divide 140952?
True
Is 726 a factor of 5705733?
False
Is 178 a factor of 1866864?
True
Is 5 a factor of 38846?
False
Is 58 a factor of 4279182?
True
Is 56425 a multiple of 25?
True
Is 145588 a multiple of 68?
True
Is 13 a factor of 17784?
True
Is 167 a factor of 132263?
False
Is 184199 a multiple of 380?
False
Does 50 divide 16622500?
True
Does 5 divide 1157540?
True
Is 3069290 a multiple of 81?
False
Is 29 a factor of 21605?
True
Does 8 divide 199633?
False
Does 8 divide 136072?
True
Does 7 divide 1562393?
True
Is 1298299 a multiple of 13?
False
Is 103 a factor of 126896?
True
Is 168762 a multiple of 287?
False
Is 42 a factor of 25781?
False
Does 280 divide 8034150?
False
Is 583 a factor of 1559282?
False
Is 482388 a multiple of 366?
True
Is 10 a factor of 1190247?
False
Does 23 divide 44390?
True
Does 20 divide 3361680?
True
Is 20 a factor of 3035820?
True
Is 200041 a multiple of 17?
False
Is 115284 a multiple of 52?
True
Does 11 divide 89738?
True
Does 4 divide 4976056?
True
Is 491 a factor of 651076?
False
Is 35 a factor of 1351315?
True
Is 33120 a multiple of 45?
True
Is 73 a factor of 85412?
False
Is 277921 a multiple of 185?
False
Is 4 a factor of 1064565?
False
Is 68149 a multiple of 168?
False
Does 223 divide 58426?
True
Is 53 a factor of 271916?
False
Is 83 a factor of 4469218?
True
Does 59 divide 476157?
False
Does 160 divide 373251?
False
Does 439 divide 4120454?
True
Does 90 divide 496345?
False
Is 28 a factor of 3640071?
False
Does 7 divide 1597162?
True
Does 197 divide 43537?
True
Does 269 divide 1577416?
True
Does 234 divide 108930?
False
Is 687897 a multiple of 9?
True
Is 16 a factor of 853552?
True
Does 7 divide 362537?
True
Is 157 a factor of 82268?
True
Is 1845391 a multiple of 162?
False
Is 213 a factor of 7330182?
True
Is 6 a factor of 1259?
False
Does 441 divide 128772?
True
Does 33 divide 876963?
False
Does 546 divide 2826772?
False
Is 280432 a multiple of 34?
True
Is 300 a factor of 605700?
True
Is 70 a factor of 2487422?
False
Does 439 divide 3547371?
False
Is 343 a factor of 820456?
True
Is 3166009 a multiple of 4?
False
Is 51 a factor of 377085?
False
Does 52 divide 3099780?
False
Is 3096038 a multiple of 11?
True
Does 97 divide 167616?
True
Is 2 a factor of 196631?
False
Does 83 divide 13057505?
False
Is 517 a factor of 308132?
True
Does 80 divide 309360?
True
Is 391 a factor of 2584500?
False
Is 879796 a multiple of 91?
False
Is 63228 a multiple of 9?
False
Does 4 divide 72774?
False
Is 4 a factor of 2692636?
True
Does 15 divide 275737?
False
Does 596 divide 459131?
False
Is 3467506 a multiple of 13?
False
Is 9 a factor of 3241894?
False
Does 32 divide 807168?
True
Is 115 a factor of 900795?
True
Is 93 a factor of 7061955?
True
Is 56544 a multiple of 57?
True
Is 15 a factor of 410174?
False
Is 17 a factor of 3572475?
False
Does 346 divide 54298?
False
Does 63 divide 907230?
False
Does 303 divide 6840398?
False
Does 732 divide 4844158?
False
Is 21 a factor of 311579?
False
Is 462 a factor of 408870?
True
Does 31 divide 948817?
True
Is 6 a factor of 139804?
False
Is 1376015 a multiple of 745?
True
Does 52 divide 15434380?
True
Does 5 divide 4699955?
True
Is 258930 a multiple of 137?
True
Is 428 a factor of 267594?
False
Is 8101060 a multiple of 248?
False
Is 2124384 a multiple of 96?
True
Is 5475 a multiple of 810?
False
Is 48760 a multiple of 5?
True
Is 1491302 a multiple of 739?
True
Is 6 a factor of 11748?
True
Does 64 divide 1111872?
True
Does 144 divide 106848?
True
Does 18 divide 140049?
False
Is 5409141 a multiple of 11?
False
Is 449602 a multiple of 94?
True
Is 19 a factor of 4071133?
False
Is 26 a factor of 110370?
True
Is 290677 a multiple of 473?
False
Is 947 a factor of 5583512?
True
Is 8186112 a multiple of 38?
True
Is 5649345 a multiple of 81?
True
Is 72 a factor of 382?
False
Does 374 divide 175377?
False
Is 26337 a multiple of 19?
False
Does 714 divide 677773?
False
Does 363 divide 654087?
False
Is 719 a factor of 3694941?
True
Does 290 divide 433348?
False
Is 3643266 a multiple of 11?
True
Is 104 a factor of 1297694?
False
Is 580581 a multiple of 9?
True
Is 71 a factor of 691114?
True
Is 48 a factor of 1310448?
True
Is 91438 a multiple of 7?
False
Is 72 a factor of 197280?
True
Is 50 a factor of 2714617?
False
Is 251412 a multiple of 16?
False
Is 30 a factor of 1451940?
True
Is 9200360 a multiple of 20?
True
Is 929799 a multiple of 13?
True
Is 654903 a multiple of 9?
True
Does 353 divide 396772?
True
Does 422 divide 789916?
False
Is 1007556 a multiple of 204?
True
Does 12 divide 486964?
False
Does 26 divide 4038060?
True
Is 80549 a multiple of 259?
True
Is 592930 even?
True
Is 35 a factor of 11172611?
False
Is 23 a factor of 211040?
False
Is 299904 a multiple of 531?
False
Is 11 a factor of 3705889?
True
Is 3217536 a multiple of 16?
True
Does 154 divide 240945?
False
Is 27 a factor of 69594?
False
Is 52 a factor of 8571212?
True
Is 130 a factor of 226980?
True
Is 730956 a multiple of 6?
True
Is 399079 a multiple of 104?
False
Does 84 divide 570780?
True
Is 2166376 a multiple of 2?
True
Is 94 a factor of 576784?
True
Does 43 divide 154716?
False
Is 534540 a multiple of 60?
True
Is 42 a factor of 796875?
False
Does 13 divide 2088404?
False
Is 14645 even?
False
Does 19 divide 9805064?
True
Is 163 a factor of 331104?
False
Is 14 a factor of 315329?
False
Is 4060008 a multiple of 744?
True
Is 25 a factor of 422870?
False
Is 50 a factor of 3117350?
True
Is 72 a factor of 111256?
False
Does 5 divide 10285?
True
Is 773514 a multiple of 63?
True
Does 60 divide 711360?
True
Does 24 divide 134984?
False
Is 1261448 a multiple of 38?
True
Is 420 a factor of 111861?
False
Is 222131 a multiple of 91?
True
Is 7 a factor of 130133?
False
Is 15 a factor of 764827?
False
Does 50 divide 1800200?
True
Is 53 a factor of 7494518?
True
Is 99 a factor of 78705?
True
Is 6592621 a multiple of 20?
False
Does 16 divide 16448?
True
Does 1252 divide 4112600?
False
Is 7076 a multiple of 10?
False
Is 2 a factor of 26569?
False
Does 7 divide 80733?
False
Is 9415082 a multiple of 23?
False
Is 415 a factor of 1014996?
False
Does 62 divide 224440?
True
Does 113 divide 1543267?
False
Is 219512 a multiple of 29?
False
Does 65 divide 81678?
False
Is 17 a factor of 2948429?
True
Does 13 divide 140093?
False
Is 2669464 a multiple of 14?
True
Is 103 a factor of 576350?
False
Is 32 a factor of 4215483?
False
Does 6 divide 134700?
True
Is 202358 a multiple of 85?
False
Is 21 a factor of 1589662?
False
Is 500733 a multiple of 41?
True
Is 209171 a multiple of 109?
True
Is 184 a factor of 95143?
False
Is 597187 a multiple of 88?
False
Is 4905132 a multiple of 45?
False
Is 1034 a factor of 2444336?
False
Is 320 a factor of 1537920?
True
Does 45 divide 1421865?
True
Does 9 divide 18580539?
False
Is 140 a factor of 672560?
True
Is 216618 a multiple of 6?
True
Is 3 a factor of 22038?
True
Is 572408 a multiple of 12?
False
Is 399191 a multiple of 408?
False
Is 499 a factor of 2264359?
False
Does 38 divide 3582019?
False
Does 222 divide 2347044?
False
Is 7390082 a multiple of 8?
False
Is 1375404 a multiple of 86?
False
Is 380950 a multiple of 190?
True
Does 30 divide 41260?
False
Does 44 divide 87956?
True
Is 178133 a multiple of 53?
True
Does 536 divide 222440?
True
Is 228 a factor of 185487?
False
Does 40 divide 493696?
False
Is 37 a factor of 235251?
False
Is 2409480 a multiple of 194?
T